{"id":17,"date":"2023-05-02T13:33:03","date_gmt":"2023-05-02T13:33:03","guid":{"rendered":"https:\/\/dekinesistenlonderzeel.be\/?page_id=17"},"modified":"2025-06-30T08:26:21","modified_gmt":"2025-06-30T08:26:21","slug":"het-team","status":"publish","type":"page","link":"https:\/\/dekinesistenlonderzeel.be\/index.php\/het-team\/","title":{"rendered":"Het team"},"content":{"rendered":"\n<div id=\"wp-block-themeisle-blocks-advanced-columns-95ce5cbb\" class=\"wp-block-themeisle-blocks-advanced-columns alignfull has-1-columns has-desktop-equal-layout has-tablet-equal-layout has-mobile-equal-layout has-vertical-unset has-light-bg\"><div class=\"wp-block-themeisle-blocks-advanced-columns-overlay\"><\/div><div class=\"innerblocks-wrap\">\n<div id=\"wp-block-themeisle-blocks-advanced-column-068e9c82\" class=\"wp-block-themeisle-blocks-advanced-column\">\n<h1 id=\"wp-block-themeisle-blocks-advanced-heading-ceb1c40f\" class=\"wp-block-themeisle-blocks-advanced-heading wp-block-themeisle-blocks-advanced-heading-ceb1c40f\">Het team<\/h1>\n<\/div>\n<\/div><\/div>\n\n\n\n<div class=\"wp-block-cover is-light header_image\"><img loading=\"lazy\" decoding=\"async\" width=\"2560\" height=\"1707\" class=\"wp-block-cover__image-background wp-image-526\" alt=\"\" src=\"https:\/\/dekinesistenlonderzeel.be\/wp-content\/uploads\/2023\/06\/Van-Hoorebeeck-m-2-scaled.jpg\" style=\"object-position:41% 47%\" data-object-fit=\"cover\" data-object-position=\"41% 47%\" srcset=\"https:\/\/dekinesistenlonderzeel.be\/wp-content\/uploads\/2023\/06\/Van-Hoorebeeck-m-2-scaled.jpg 2560w, https:\/\/dekinesistenlonderzeel.be\/wp-content\/uploads\/2023\/06\/Van-Hoorebeeck-m-2-300x200.jpg 300w, https:\/\/dekinesistenlonderzeel.be\/wp-content\/uploads\/2023\/06\/Van-Hoorebeeck-m-2-1024x683.jpg 1024w, https:\/\/dekinesistenlonderzeel.be\/wp-content\/uploads\/2023\/06\/Van-Hoorebeeck-m-2-768x512.jpg 768w, https:\/\/dekinesistenlonderzeel.be\/wp-content\/uploads\/2023\/06\/Van-Hoorebeeck-m-2-1536x1024.jpg 1536w, https:\/\/dekinesistenlonderzeel.be\/wp-content\/uploads\/2023\/06\/Van-Hoorebeeck-m-2-2048x1365.jpg 2048w\" sizes=\"auto, (max-width: 2560px) 100vw, 2560px\" \/><span aria-hidden=\"true\" class=\"wp-block-cover__background has-background-dim-0 has-background-dim\"><\/span><div class=\"wp-block-cover__inner-container is-layout-flow wp-block-cover-is-layout-flow\">\n<p class=\"has-text-align-center has-large-font-size\"><\/p>\n<\/div><\/div>\n\n\n\n<div id=\"wp-block-themeisle-blocks-advanced-columns-995e1526\" class=\"wp-block-themeisle-blocks-advanced-columns alignfull has-1-columns has-desktop-equal-layout has-tablet-equal-layout has-mobile-equal-layout has-vertical-unset\"><div class=\"wp-block-themeisle-blocks-advanced-columns-overlay\"><\/div><div class=\"innerblocks-wrap\">\n<div id=\"wp-block-themeisle-blocks-advanced-column-0c4cc49b\" class=\"wp-block-themeisle-blocks-advanced-column\">\n<p>In 1981 werd de praktijk opgericht door Dani\u00ebl De Wachter onder de naam \u201ckine De Wachter\u201d. Hij bouwde dit gedurende zijn loopbaan verder uit tot een bloeiende praktijk. Na een grondige renovatie in 2023 werd de praktijk omgedoopt tot \u201cDe Kinesisten Londerzeel\u201d. Het team bestaat uit gemotiveerde kinesisten met elk hun eigen specialisaties.<\/p>\n\n\n\nOnze kinesitherapeuten beschikken over het\u00a0Pro-Q-Kin\u00e9-kwaliteitslabel. Kinesitherapeuten die bewust bezig zijn met  kwaliteitsverbetering en die voldoen aan alle Pro-Q-Kin\u00e9-kwaliteitscriteria ontvangen dit label.<br><br>Concreet wil dit zeggen dat uw kinesitherapeut:<br><ul><li>op regelmatige basis bijscholingen volgt<\/li><li>overlegt met collega\u2019s<\/li><li>aan zelfevaluatie doet<\/li><li>pati\u00ebnten bevraagt<\/li><\/ul>\n<\/div>\n<\/div><\/div>\n\n\n\n<hr class=\"wp-block-separator aligncenter has-text-color has-alpha-channel-opacity has-background is-style-wide\" style=\"background-color:#004746;color:#004746\"\/>\n\n\n\n<div id=\"wp-block-themeisle-blocks-advanced-columns-0df68fb3\" class=\"wp-block-themeisle-blocks-advanced-columns alignfull has-2-columns has-desktop-oneTwo-layout has-tablet-equal-layout has-mobile-collapsedRows-layout has-vertical-unset\"><div class=\"wp-block-themeisle-blocks-advanced-columns-overlay\"><\/div><div class=\"innerblocks-wrap\">\n<div id=\"wp-block-themeisle-blocks-advanced-column-74cb0bf0\" class=\"wp-block-themeisle-blocks-advanced-column\"><div class=\"wp-block-image is-style-rounded\">\n<figure class=\"aligncenter size-large is-resized\"><img loading=\"lazy\" decoding=\"async\" width=\"768\" height=\"1024\" src=\"https:\/\/dekinesistenlonderzeel.be\/wp-content\/uploads\/2023\/06\/cf1856bf-4289-43ef-ba73-654ef0f7a33d-768x1024.jpg\" alt=\"\" class=\"wp-image-324\" style=\"width:156px;height:205px\" srcset=\"https:\/\/dekinesistenlonderzeel.be\/wp-content\/uploads\/2023\/06\/cf1856bf-4289-43ef-ba73-654ef0f7a33d-768x1024.jpg 768w, https:\/\/dekinesistenlonderzeel.be\/wp-content\/uploads\/2023\/06\/cf1856bf-4289-43ef-ba73-654ef0f7a33d-225x300.jpg 225w, https:\/\/dekinesistenlonderzeel.be\/wp-content\/uploads\/2023\/06\/cf1856bf-4289-43ef-ba73-654ef0f7a33d-1152x1536.jpg 1152w, https:\/\/dekinesistenlonderzeel.be\/wp-content\/uploads\/2023\/06\/cf1856bf-4289-43ef-ba73-654ef0f7a33d.jpg 1440w\" sizes=\"auto, (max-width: 768px) 100vw, 768px\" \/><\/figure>\n<\/div><\/div>\n\n\n\n<div id=\"wp-block-themeisle-blocks-advanced-column-6cf930d0\" class=\"wp-block-themeisle-blocks-advanced-column\">\n<h2 class=\"wp-block-heading hoofding\">Nick Van Hoorebeeck \u2013 kinesitherapeut \/ zaakvoerder<\/h2>\n\n\n\n<p>RIZIV: 5-53389-93-527<br><br>Mijn passie voor sport, beweging en het menselijk lichaam heeft er voor gezorgd dat ik kinesitherapie ben gaan studeren aan de Universiteit Antwerpen. Na 7 jaar onder de vleugels van Dani\u00ebl De Wachter gewerkt te hebben, kreeg ik de kans om de praktijk in 2023 verder te zetten onder een nieuwe naam \u201cDe Kinesisten Londerzeel\u201d. Als kinesitherapeut kies ik voor een doelgerichte actieve behandelingsaanpak op maat van de pati\u00ebnt. We zoeken samen naar de kern van de klachten zonder het geheel uit het oog te verliezen.<\/p>\n\n\n\n<p>Verder vind ik het belangrijk om mij bij te scholen binnen mijn vakgebied. Daarvoor volg ik meerdere keren per jaar cursussen die betrekking hebben tot sport- en musculoskeletale kinesitherapie. In september 2023 start ik een 2 jarige opleiding SCMO (sportgerichte combinatietherapie van manuele therapie en osteopathie). In mijn vrije tijd speel ik voetbal bij Londerzeel United.<\/p>\n<\/div>\n<\/div><\/div>\n\n\n\n<div id=\"wp-block-themeisle-blocks-advanced-columns-c8de0121\" class=\"wp-block-themeisle-blocks-advanced-columns alignfull has-2-columns has-desktop-twoOne-layout has-tablet-equal-layout has-mobile-collapsedRows-layout has-vertical-unset has-light-bg\"><div class=\"wp-block-themeisle-blocks-advanced-columns-overlay\"><\/div><div class=\"innerblocks-wrap\">\n<div id=\"wp-block-themeisle-blocks-advanced-column-2f270a0f\" class=\"wp-block-themeisle-blocks-advanced-column\">\n<h2 class=\"wp-block-heading hoofding\">Eleane Haan &#8211; kinesitherapeut<\/h2>\n\n\n\n<p>RIZIV: 5-57485-71-527<\/p>\n\n\n\n<p>Hallo! Mijn naam is Eleane Haan, en ik ben kinesitherapeut, afgestudeerd in 2024 aan de Vrije Universiteit Brussel met een master in de Sportrevalidatiewetenschappen. Mijn passie voor beweging en herstel heeft me ertoe gebracht om me te specialiseren in sportrevalidatie, maar ik ben er van overtuigd dat voortdurende bijscholing de sleutel is tot het bieden van de beste zorg. Daarom ben ik momenteel bezig met een specialisatie in bekkenbodemtherapie, om mijn kennis en vaardigheden verder uit te breiden.<br><br>Naast sport en bekkenbodemtherapie ben ik ook in veel andere domeinen van de kinesitherapie ge\u00efnteresseerd. Mijn doel is om elke pati\u00ebnt te helpen bij het herstel en hen te begeleiden naar een gezond en actief leven. Of het nu gaat om het verbeteren van sportprestaties of het verlichten van dagelijkse klachten, ik werk graag samen met mijn pati\u00ebnten om hun doelen te bereiken en hen te ondersteunen tot het beste resultaat.<br>In mijn vrije tijd ben ik graag buiten in de natuur, waar ik de rust en energie vind die me inspireren in mijn werk. Ik geloof dat een gezonde balans tussen lichaam en geest essentieel is voor het herstel, en dat probeer ik in elke behandelsessie over te brengen.<br><br>Ik kijk ernaar uit om samen met jou te werken en je te helpen je doelstellingen&nbsp;te&nbsp;behalen!<\/p>\n<\/div>\n\n\n\n<div id=\"wp-block-themeisle-blocks-advanced-column-ba2d9b19\" class=\"wp-block-themeisle-blocks-advanced-column\"><div class=\"wp-block-image is-style-rounded\">\n<figure class=\"aligncenter size-full is-resized\"><img loading=\"lazy\" decoding=\"async\" width=\"521\" height=\"782\" src=\"https:\/\/dekinesistenlonderzeel.be\/wp-content\/uploads\/2025\/06\/1000044876-edited-1.jpg\" alt=\"\" class=\"wp-image-587\" style=\"aspect-ratio:0.624;width:158px;height:auto\" srcset=\"https:\/\/dekinesistenlonderzeel.be\/wp-content\/uploads\/2025\/06\/1000044876-edited-1.jpg 521w, https:\/\/dekinesistenlonderzeel.be\/wp-content\/uploads\/2025\/06\/1000044876-edited-1-200x300.jpg 200w\" sizes=\"auto, (max-width: 521px) 100vw, 521px\" \/><\/figure>\n<\/div><\/div>\n<\/div><\/div>\n\n\n\n<div id=\"wp-block-themeisle-blocks-advanced-columns-3b8b493c\" class=\"wp-block-themeisle-blocks-advanced-columns alignfull has-2-columns has-desktop-oneTwo-layout has-tablet-equal-layout has-mobile-collapsedRows-layout has-vertical-unset\"><div class=\"wp-block-themeisle-blocks-advanced-columns-overlay\"><\/div><div class=\"innerblocks-wrap\">\n<div id=\"wp-block-themeisle-blocks-advanced-column-305694b9\" class=\"wp-block-themeisle-blocks-advanced-column\"><div class=\"wp-block-image is-style-rounded\">\n<figure class=\"aligncenter size-full is-resized\"><img loading=\"lazy\" decoding=\"async\" width=\"625\" height=\"1000\" src=\"https:\/\/dekinesistenlonderzeel.be\/wp-content\/uploads\/2023\/06\/samdebuyzer-edited-1.jpg\" alt=\"\" class=\"wp-image-356\" style=\"width:156px\" srcset=\"https:\/\/dekinesistenlonderzeel.be\/wp-content\/uploads\/2023\/06\/samdebuyzer-edited-1.jpg 625w, https:\/\/dekinesistenlonderzeel.be\/wp-content\/uploads\/2023\/06\/samdebuyzer-edited-1-188x300.jpg 188w\" sizes=\"auto, (max-width: 625px) 100vw, 625px\" \/><\/figure>\n<\/div><\/div>\n\n\n\n<div id=\"wp-block-themeisle-blocks-advanced-column-90ead8f1\" class=\"wp-block-themeisle-blocks-advanced-column\">\n<h2 class=\"wp-block-heading hoofding\">Sam De Buyzer &#8211; kinesitherapeut<\/h2>\n\n\n\n<p>RIZIV: 5-54807-33-527<br><br>De studies kinesitherapie en manuele therapie combineerden mijn liefde voor beweging en wetenschap. Na het behalen van mijn diploma en de verderzetting van mijn studies aan de Vrije Universiteit Brussel startte ik in 2019 als kinesitherapeut. In 2022 vervoegde ik het team van Dani\u00ebl en Nick. Als kinesitherapeut streef ik er naar om een goed onderbouwde therapie te geven met voldoende aandacht voor het persoonlijk verhaal.<\/p>\n\n\n\n<p>De passende behandeling vinden is onlosmakelijk verbonden aan \u201clevenslang leren\u201d, daarvoor school ik mij regelmatig bij binnen de musculoskeletale en neurologische kinesitherapie. In het weekend ben ik te vinden op de sportterreinen van Londerzeel United waar ik de voetballers bij sta als kinesist. Wanneer ik even vrij heb, kan je me vinden op de fiets, in de fitness of in de tuin.<\/p>\n<\/div>\n<\/div><\/div>\n\n\n\n<div id=\"wp-block-themeisle-blocks-advanced-columns-d00e97cc\" class=\"wp-block-themeisle-blocks-advanced-columns alignfull has-2-columns has-desktop-twoOne-layout has-tablet-equal-layout has-mobile-collapsedRows-layout has-vertical-unset has-light-bg\"><div class=\"wp-block-themeisle-blocks-advanced-columns-overlay\"><\/div><div class=\"innerblocks-wrap\">\n<div id=\"wp-block-themeisle-blocks-advanced-column-aa407d42\" class=\"wp-block-themeisle-blocks-advanced-column\">\n<h2 class=\"wp-block-heading hoofding\">Dani\u00ebl De Wachter \u2013 kinesitherapeut<\/h2>\n\n\n\n<p>RIZIV: 1-12575-70-521<\/p>\n\n\n\n<p>De combinatie gezondheid en beweging, dat zich ook vaak vertaalt in sport, dreven mij tot de studie van kinesitherapie.<\/p>\n\n\n\n<p>In 1981 studeerde ik af als gegradueerde in de kinesitherapie. Ik kon ervaring opdoen in de ziekenhuiskin\u00e9 tijdens mijn verplichte legerdienst in het Militair Hospitaal van Neder-over-Heembeek, waar ik werkte op de afdeling Intensieve Zorgen en Pneumo &#8211; cardiologie. Tegelijkertijd richtte ik de praktijk \u2018KINE DE WACHTER\u2019 op in Londerzeel Sint-Jozef. Specialisatie drong zich al snel op: orthopedische manuele therapie en sportkin\u00e9 waren mijn grootste interesses. Twee jaar basisosteopathie zouden volgen.<\/p>\n\n\n\n<p>De weg naar de sport vond ik als speler bij volleybalclub VC Breendonk en later was ik verzorger-begeleider van hun verschillende teams tot in ereklasse. Daarnaast begeleidde ik ook gedurende twee\u00ebndertig jaar voetbalclub FC Londerzeel Sint-Jozef. In mijn behandelingen van pati\u00ebnten probeer ik altijd naar een holistische aanpak te streven, waar het lichaam als \u00e9\u00e9n entiteit wordt gezien. Daarbij ga ik uit van een uitgebreid klinisch onderzoek om zo de functionele beperkingen aan te pakken.<\/p>\n\n\n\n<p>Vanaf 1 juli 2023 geef ik met veel vertrouwen de verantwoordelijkheid door aan mijn collega Nick Van Hoorebeeck en zet ik zelf een stap terug na twee\u00ebnveertig intensieve jaren praktijk.<br>Ik zal wel nog actief blijven als ondersteunend therapeut van de vernieuwde praktijk&nbsp; \u2018DE KINESISTEN LONDERZEEL\u2019.<\/p>\n<\/div>\n\n\n\n<div id=\"wp-block-themeisle-blocks-advanced-column-5a5cae3a\" class=\"wp-block-themeisle-blocks-advanced-column\"><div class=\"wp-block-image is-style-rounded\">\n<figure class=\"aligncenter size-full is-resized\"><img loading=\"lazy\" decoding=\"async\" width=\"960\" height=\"1280\" src=\"https:\/\/dekinesistenlonderzeel.be\/wp-content\/uploads\/2023\/06\/P1040265-edited.png\" alt=\"\" class=\"wp-image-459\" style=\"width:156px;height:250px\" srcset=\"https:\/\/dekinesistenlonderzeel.be\/wp-content\/uploads\/2023\/06\/P1040265-edited.png 960w, https:\/\/dekinesistenlonderzeel.be\/wp-content\/uploads\/2023\/06\/P1040265-edited-225x300.png 225w, https:\/\/dekinesistenlonderzeel.be\/wp-content\/uploads\/2023\/06\/P1040265-edited-768x1024.png 768w\" sizes=\"auto, (max-width: 960px) 100vw, 960px\" \/><\/figure>\n<\/div><\/div>\n<\/div><\/div>\n\n\n\n<div class=\"wp-block-group alignfull has-text-color has-background\" style=\"color:#000000;background-color:#e3eeeb\"><div class=\"wp-block-group__inner-container is-layout-flow wp-block-group-is-layout-flow\">\n<div style=\"height:20px\" aria-hidden=\"true\" class=\"wp-block-spacer\"><\/div>\n\n\n\n<div style=\"height:20px\" aria-hidden=\"true\" class=\"wp-block-spacer\"><\/div>\n\n\n\n<h2 class=\"wp-block-heading has-text-align-center\" id=\"schedule-a-visit\" style=\"font-size:59px;line-height:1.15\"><strong>Zin om ons team te versterken?<\/strong><\/h2>\n\n\n\n<div style=\"height:20px\" aria-hidden=\"true\" class=\"wp-block-spacer\"><\/div>\n\n\n\n<div class=\"wp-block-buttons is-horizontal is-content-justification-center is-layout-flex wp-container-core-buttons-is-layout-499968f5 wp-block-buttons-is-layout-flex\">\n<div class=\"wp-block-button has-custom-width wp-block-button__width-50 is-style-fill\"><a class=\"wp-block-button__link has-white-color has-text-color has-background wp-element-button\" href=\"https:\/\/dekinesistenlonderzeel.be\/index.php\/vacatures\/\" style=\"border-radius:50px;background-color:#003241\">Solliciteer nu<\/a><\/div>\n<\/div>\n\n\n\n<div style=\"height:20px\" aria-hidden=\"true\" class=\"wp-block-spacer\"><\/div>\n<\/div><\/div>\n","protected":false},"excerpt":{"rendered":"","protected":false},"author":1,"featured_media":0,"parent":0,"menu_order":0,"comment_status":"closed","ping_status":"closed","template":"","meta":{"_themeisle_gutenberg_block_has_review":false,"footnotes":""},"class_list":["post-17","page","type-page","status-publish","hentry","entry"],"_links":{"self":[{"href":"https:\/\/dekinesistenlonderzeel.be\/index.php\/wp-json\/wp\/v2\/pages\/17","targetHints":{"allow":["GET"]}}],"collection":[{"href":"https:\/\/dekinesistenlonderzeel.be\/index.php\/wp-json\/wp\/v2\/pages"}],"about":[{"href":"https:\/\/dekinesistenlonderzeel.be\/index.php\/wp-json\/wp\/v2\/types\/page"}],"author":[{"embeddable":true,"href":"https:\/\/dekinesistenlonderzeel.be\/index.php\/wp-json\/wp\/v2\/users\/1"}],"replies":[{"embeddable":true,"href":"https:\/\/dekinesistenlonderzeel.be\/index.php\/wp-json\/wp\/v2\/comments?post=17"}],"version-history":[{"count":54,"href":"https:\/\/dekinesistenlonderzeel.be\/index.php\/wp-json\/wp\/v2\/pages\/17\/revisions"}],"predecessor-version":[{"id":595,"href":"https:\/\/dekinesistenlonderzeel.be\/index.php\/wp-json\/wp\/v2\/pages\/17\/revisions\/595"}],"wp:attachment":[{"href":"https:\/\/dekinesistenlonderzeel.be\/index.php\/wp-json\/wp\/v2\/media?parent=17"}],"curies":[{"name":"wp","href":"https:\/\/api.w.org\/{rel}","templated":true}]}}